ctor of 4242 and 714.
42
What is the greatest common divisor of 6111 and 63?
63
What is the greatest common factor of 6 and 2172?
6
Calculate the greatest common divisor of 152 and 190.
38
Calculate the greatest common divisor of 1007 and 19.
19
Calculate the highest common divisor of 75 and 725.
25
What is the greatest common factor of 46 and 6578?
46
What is the greatest common divisor of 4 and 4?
4
What is the greatest common divisor of 377 and 117?
13
What is the highest common divisor of 147 and 63?
21
What is the highest common divisor of 17664 and 138?
138
Calculate the highest common factor of 213 and 71.
71
What is the greatest common factor of 58 and 2?
2
What is the highest common divisor of 117 and 207?
9
What is the greatest common divisor of 2752 and 576?
64
What is the highest common factor of 816 and 17?
17
Calculate the greatest common divisor of 17658 and 12.
6
What is the highest common divisor of 756 and 36?
36
What is the highest common divisor of 147 and 245?
49
What is the greatest common divisor of 322 and 1127?
161
What is the greatest common divisor of 157 and 2512?
157
Calculate the highest common factor of 437 and 69.
23
Calculate the highest common factor of 1605 and 15.
15
What is the greatest common factor of 18 and 78?
6
What is the greatest common factor of 36 and 236?
4
What is the greatest common factor of 92 and 49496?
92
Calculate the greatest common factor of 68 and 16184.
68
What is the greatest common divisor of 45 and 18?
9
Calculate the highest common divisor of 536 and 2.
2
What is the greatest common factor of 2 and 464?
2
What is the highest common factor of 25 and 3125?
25
Calculate the highest common divisor of 630 and 810.
90
What is the highest common factor of 35 and 2919?
7
What is the greatest common factor of 4 and 10?
2
Calculate the highest common divisor of 2223 and 19.
19
What is the greatest common divisor of 275 and 25?
25
What is the highest common divisor of 3016 and 2204?
116
Calculate the greatest common divisor of 198 and 2706.
66
Calculate the greatest common divisor of 124 and 341.
31
What is the greatest common factor of 68 and 2686?
34
Calculate the greatest common factor of 338 and 62868.
338
Calculate the highest common divisor of 6 and 417.
3
Calculate the highest common factor of 8064 and 378.
126
Calculate the highest common factor of 4378 and 44.
22
What is the highest common factor of 154 and 539?
77
Calculate the greatest common factor of 47 and 141.
47
What is the greatest common divisor of 340 and 2873?
17
Calculate the greatest common divisor of 78 and 6.
6
What is the greatest common divisor of 131 and 13493?
131
Calculate the greatest common factor of 325 and 91.
13
Calculate the highest common divisor of 40 and 500.
20
What is the highest common divisor of 3540 and 531?
177
What is the highest common factor of 23 and 736?
23
Calculate the greatest common divisor of 110 and 242.
22
What is the greatest common divisor of 760 and 456?
152
What is the greatest common factor of 38 and 4?
2
Calculate the greatest common divisor of 68 and 36.
4
Calculate the greatest common divisor of 45 and 60.
15
What is the highest common divisor of 49 and 602?
7
What is the greatest common divisor of 50265 and 45?
45
Calculate the highest common factor of 20 and 580.
20
Calculate the highest common divisor of 87 and 29.
29
What is the greatest common divisor of 38021 and 197?
197
What is the greatest common factor of 8232 and 28?
28
What is the highest common factor of 36 and 522?
18
Calculate the highest common divisor of 85 and 935.
85
What is the greatest common divisor of 174 and 12528?
174
Calculate the highest common factor of 837 and 31.
31
Calculate the greatest common divisor of 414 and 48.
6
What is the greatest common divisor of 9 and 204?
3
Calculate the greatest common divisor of 1917 and 54.
27
What is the highest common divisor of 48 and 2292?
12
What is the highest common divisor of 2187 and 27?
27
Calculate the greatest common divisor of 160 and 26.
2
Calculate the greatest common factor of 112 and 616.
56
What is the greatest common divisor of 17 and 1088?
17
Calculate the highest common factor of 14 and 13118.
14
What is the greatest common factor of 135 and 15?
15
What is the greatest common divisor of 1155 and 8745?
165
What is the greatest common divisor of 5753 and 44?
11
What is the greatest common factor of 41634 and 162?
162
Calculate the highest common divisor of 9270 and 90.
90
What is the greatest common factor of 567 and 49?
7
What is the greatest common factor of 45 and 108?
9
What is the greatest common factor of 2 and 18?
2
Calculate the greatest common factor of 7 and 483.
7
What is the highest common divisor of 8410 and 116?
58
Calculate the highest common divisor of 27 and 558.
9
Calculate the highest common factor of 20319 and 26.
13
What is the greatest common divisor of 470 and 10?
10
Calculate the greatest common factor of 68 and 5.
1
What is the highest common factor of 36 and 1368?
36
What is the greatest common factor of 4872 and 28?
28
What is the greatest common divisor of 4214 and 86?
86
What is the highest common factor of 1152 and 18?
18
Calculate the greatest common factor of 1152 and 108.
36
What is the greatest common factor of 627 and 33?
33
Calculate the highest common divisor of 70 and 14.
14
What is the greatest common divisor of 5 and 19?
1
Calculate the greatest common factor of 2349 and 2697.
87
What is the greatest common divisor of 1911 and 117?
39
Calculate the highest common divisor of 58 and 58.
58
What is the greatest common divisor of 1463 and 154?
77
What is the greatest common factor of 52 and 195?
13
What is the greatest common factor of 176 and 16?
16
Calculate the greatest common factor of 25 and 100.
25
Calculate the greatest common divisor of 114 and 133.
19
Calculate the greatest common divisor of 5 and 2045.
5
What is the highest common factor of 2744 and 252?
28
Calculate the highest common factor of 20 and 415.
5
Calculate the greatest common factor of 96 and 132.
12
Calculate the greatest common divisor of 4 and 8.
4
Calculate the greatest common divisor of 294 and 196.
98
What is the highest common divisor of 106 and 2?
2
What is the greatest common factor of 66 and 1221?
33
Calculate the highest common divisor of 6566 and 294.
98
What is the greatest common factor of 5053 and 163?
163
Calculate the highest common divisor of 272 and 16.
16
Calculate the greatest common divisor of 239 and 19837.
239
What is the highest common factor of 136 and 2516?
68
What is the greatest common divisor of 16016 and 22?
22
What is the greatest common divisor of 364 and 104?
52
Calculate the greatest common factor of 54 and 342.
18
What is the greatest common factor of 4 and 7?
1
Calculate the greatest common factor of 9 and 99.
9
What is the greatest common divisor of 1071 and 567?
63
Calculate the highest common factor of 2482 and 238.
34
What is the highest common divisor of 343 and 7?
7
What is the greatest common divisor of 19805 and 170?
85
Calculate the greatest common factor of 144 and 1224.
72
What is the highest common divisor of 864 and 54?
54
What is the greatest common factor of 13 and 481?
13
What is the greatest common divisor of 780 and 18?
6
What is the highest common divisor of 195 and 624?
39
What is the greatest common factor of 32 and 496?
16
Calculate the highest common factor of 84 and 84.
84
Calculate the greatest common divisor of 56 and 23212.
28
What is the highest common factor of 82 and 109470?
82
Calculate the highest common divisor of 103 and 2575.
103
Calculate the greatest common divisor of 735 and 945.
105
Calculate the highest common divisor of 7 and 413.
7
What is the greatest common divisor of 153 and 629?
17
Calculate the highest common factor of 9794 and 83.
83
What is the greatest common factor of 39 and 39?
39
What is the greatest common factor of 50430 and 60?
30
What is the highest common factor of 678 and 6?
6
Calculate the highest common factor of 6 and 99.
3
Calculate the highest common factor of 44 and 55.
11
Calculate the greatest common factor of 44 and 220.
44
What is the greatest common divisor of 3417 and 102?
51
What is the highest common divisor of 7 and 1197?
7
Cal